{"id":10412,"date":"2022-07-05T06:39:13","date_gmt":"2022-07-05T06:39:13","guid":{"rendered":"https:\/\/madd.org\/tennessee\/?page_id=10412"},"modified":"2024-05-10T02:06:45","modified_gmt":"2024-05-10T02:06:45","slug":"madd-victim-impact-panel-vip-information-for-tennessee","status":"publish","type":"page","link":"https:\/\/madd.org\/tennessee\/madd-victim-impact-panel-vip-information-for-tennessee\/","title":{"rendered":"MADD Victim Impact Panel (VIP) Information for Tennessee"},"content":{"rendered":"\t\t<div data-elementor-type=\"wp-page\" data-elementor-id=\"10412\" class=\"elementor elementor-10412\" data-elementor-post-type=\"page\">\n\t\t\t\t\t\t<section class=\"elementor-section elementor-top-section elementor-element elementor-element-230f0c2 elementor-section-height-min-height inner-hero elementor-section-boxed elementor-section-height-default elementor-section-items-middle\" data-id=\"230f0c2\" data-element_type=\"section\" data-settings=\"{&quot;background_background&quot;:&quot;classic&quot;}\">\n\t\t\t\t\t\t<div class=\"elementor-container elementor-column-gap-default\">\n\t\t\t\t\t<div class=\"elementor-column elementor-col-100 elementor-top-column elementor-element elementor-element-f3bb995\" data-id=\"f3bb995\" data-element_type=\"column\">\n\t\t\t<div class=\"elementor-widget-wrap elementor-element-populated\">\n\t\t\t\t\t\t\t<\/div>\n\t\t<\/div>\n\t\t\t\t\t<\/div>\n\t\t<\/section>\n\t\t\t\t<section class=\"elementor-section elementor-top-section elementor-element elementor-element-691845d affiliate-header elementor-section-boxed elementor-section-height-default elementor-section-height-default\" data-id=\"691845d\" data-element_type=\"section\">\n\t\t\t\t\t\t<div class=\"elementor-container elementor-column-gap-default\">\n\t\t\t\t\t<div class=\"elementor-column elementor-col-100 elementor-top-column elementor-element elementor-element-9821d18\" data-id=\"9821d18\" data-element_type=\"column\">\n\t\t\t<div class=\"elementor-widget-wrap elementor-element-populated\">\n\t\t\t\t\t\t<div class=\"elementor-element elementor-element-78c1f34 elementor-widget elementor-widget-text-editor\" data-id=\"78c1f34\" data-element_type=\"widget\" data-widget_type=\"text-editor.default\">\n\t\t\t\t<div class=\"elementor-widget-container\">\n\t\t\t\t\t\t\t\t\t<p><strong>Who should attend MADD Victim Impact Panel (VIP) Classes?&nbsp; <\/strong>Offenders who have been ordered by the court to attend a VIP class.&nbsp; (Offenders are those who have been arrested, charged, and\/or convicted of DUI or other alcohol or drug-related offenses)&nbsp; <strong>Note:&nbsp; Only court-ordered offenders may attend in-person and\/or online MADD VIP classes.&nbsp; We will not accept attendees by attorney referral.<\/strong><\/p>\t\t\t\t\t\t\t\t<\/div>\n\t\t\t\t<\/div>\n\t\t\t\t<div class=\"elementor-element elementor-element-f924ed5 elementor-widget elementor-widget-text-editor\" data-id=\"f924ed5\" data-element_type=\"widget\" data-widget_type=\"text-editor.default\">\n\t\t\t\t<div class=\"elementor-widget-container\">\n\t\t\t\t\t\t\t\t\t<p><strong>Click <a class=\"text-red\" href=\"https:\/\/madd.org\/tennessee\/questions-attending-madd-vip-victim-impact-panel-class-tennessee\/\">HERE\u00a0<\/a>for more Frequently Asked Questions about VIP Classes in Tennessee.<\/strong><\/p><p>\u00a0<\/p><p><strong>CURRENT VIP CLASS STATUS:<br \/><\/strong>We currently are able to offer in-person classes in\u00a0<em>at least<\/em>\u00a0one location\/region:\u00a0 Alcoa and Sevierville in East Tennessee; Memphis and Jackson in West Tennessee; and Ashland City (in both English and Spanish), Cookeville, Nashville (in both English and Spanish), and White Bluff in Middle Tennessee.\u00a0 No additional locations are available.<\/p><p>\u00a0<\/p><p><strong>To find an in-person class:<\/strong><\/p><ol><li>Go to\u00a0<a class=\"text-red\" href=\"http:\/\/www.maddvip.org\/\">www.maddvip.org<\/a>, and type where you live in the white box.<\/li><li>A list of MADD VIP locations near you will pop up.<\/li><li>Click the location where you would like to attend.<ul><li>If no class times\/dates are listed, we are unable to host classes at that location at this time due to Covid-19.<\/li><li>For those locations where in-person classes are being offered, you can register by clicking the \u201cregister\u201d button listed next to the class date\/time you wish to attend.<ul><li>Most of our classes are extremely limited on capacity due to social distancing requirements, so we highly recommend you pre-register for in-person classes in order to guarantee your spot in the class.<\/li><li>Please carefully review additional information at the bottom of the location\u2019s page regarding Covid-19 safety practices for in-person classes.<\/li><li>\u00a0Also, be sure to click \u201cImportant Rules &amp; Information (Must Read)\u201d in the red box at the right of the location\u2019s page.<\/li><\/ul><\/li><\/ul><\/li><\/ol><p><strong>OPTIONS FOR AN ONLINE VICTIM IMPACT PANEL (VIP) CLASS:<\/strong><\/p><ul><li>If you need to complete a VIP class, an ONLINE option is also available now at\u00a0<a class=\"text-red\" href=\"https:\/\/online.maddvip.org\/\">https:\/\/online.maddvip.org<\/a><\/li><li><a class=\"text-red\" href=\"https:\/\/madd.org\/tennessee\/online-victim-impact-panel-vip-info-for-madd-tennessee\/\">Click here for more information on the ONLINE VIP.<\/a><\/li><li>A Spanish version of the Online VIP is also now available.<a class=\"text-red\" href=\"https:\/\/madd.org\/tennessee\/online-victim-impact-panel-vip-class-now-available-in-spanish-espanol\/\"> Click here for more information. (Tambi\u00e9n est\u00e1 disponible una versi\u00f3n en espa\u00f1ol de Online VIP. Haga clic aqu\u00ed para m\u00e1s informaci\u00f3n.)<\/a><\/li><\/ul>\t\t\t\t\t\t\t\t<\/div>\n\t\t\t\t<\/div>\n\t\t\t\t\t<\/div>\n\t\t<\/div>\n\t\t\t\t\t<\/div>\n\t\t<\/section>\n\t\t\t\t<\/div>\n\t\t","protected":false},"excerpt":{"rendered":"<p>Who should attend MADD Victim Impact Panel (VIP) Classes?&nbsp; Offenders who have been ordered by the court to attend a VIP class.&nbsp; (Offenders are those who have been arrested, charged,&hellip; <a class=\"more-link\" href=\"https:\/\/madd.org\/tennessee\/madd-victim-impact-panel-vip-information-for-tennessee\/\">Continue reading <span class=\"screen-reader-text\">MADD Victim Impact Panel (VIP) Information for Tennessee<\/span><\/a><\/p>\n","protected":false},"author":1,"featured_media":0,"parent":0,"menu_order":0,"comment_status":"closed","ping_status":"closed","template":"elementor_header_footer","meta":{"_acf_changed":false,"inline_featured_image":false,"footnotes":""},"class_list":["post-10412","page","type-page","status-publish","hentry","entry"],"acf":[],"yoast_head":"<!-- This site is optimized with the Yoast SEO plugin v26.7 - https:\/\/yoast.com\/wordpress\/plugins\/seo\/ -->\n<title>MADD Victim Impact Panel (VIP) Information for Tennessee - Affiliate Tennessee<\/title>\n<meta name=\"robots\" content=\"index, follow, max-snippet:-1, max-image-preview:large, max-video-preview:-1\" \/>\n<link rel=\"canonical\" href=\"https:\/\/madd.org\/tennessee\/madd-victim-impact-panel-vip-information-for-tennessee\/\" \/>\n<meta property=\"og:locale\" content=\"en_US\" \/>\n<meta property=\"og:type\" content=\"article\" \/>\n<meta property=\"og:title\" content=\"MADD Victim Impact Panel (VIP) Information for Tennessee - Affiliate Tennessee\" \/>\n<meta property=\"og:description\" content=\"Who should attend MADD Victim Impact Panel (VIP) Classes?&nbsp; Offenders who have been ordered by the court to attend a VIP class.&nbsp; (Offenders are those who have been arrested, charged,&hellip; Continue reading MADD Victim Impact Panel (VIP) Information for Tennessee\" \/>\n<meta property=\"og:url\" content=\"https:\/\/madd.org\/tennessee\/madd-victim-impact-panel-vip-information-for-tennessee\/\" \/>\n<meta property=\"og:site_name\" content=\"Affiliate Tennessee\" \/>\n<meta property=\"article:modified_time\" content=\"2024-05-10T02:06:45+00:00\" \/>\n<meta name=\"twitter:card\" content=\"summary_large_image\" \/>\n<meta name=\"twitter:label1\" content=\"Est. reading time\" \/>\n\t<meta name=\"twitter:data1\" content=\"2 minutes\" \/>\n<script type=\"application\/ld+json\" class=\"yoast-schema-graph\">{\"@context\":\"https:\/\/schema.org\",\"@graph\":[{\"@type\":\"WebPage\",\"@id\":\"https:\/\/madd.org\/tennessee\/madd-victim-impact-panel-vip-information-for-tennessee\/\",\"url\":\"https:\/\/madd.org\/tennessee\/madd-victim-impact-panel-vip-information-for-tennessee\/\",\"name\":\"MADD Victim Impact Panel (VIP) Information for Tennessee - Affiliate Tennessee\",\"isPartOf\":{\"@id\":\"https:\/\/madd.org\/tennessee\/#website\"},\"datePublished\":\"2022-07-05T06:39:13+00:00\",\"dateModified\":\"2024-05-10T02:06:45+00:00\",\"breadcrumb\":{\"@id\":\"https:\/\/madd.org\/tennessee\/madd-victim-impact-panel-vip-information-for-tennessee\/#breadcrumb\"},\"inLanguage\":\"en-US\",\"potentialAction\":[{\"@type\":\"ReadAction\",\"target\":[\"https:\/\/madd.org\/tennessee\/madd-victim-impact-panel-vip-information-for-tennessee\/\"]}]},{\"@type\":\"BreadcrumbList\",\"@id\":\"https:\/\/madd.org\/tennessee\/madd-victim-impact-panel-vip-information-for-tennessee\/#breadcrumb\",\"itemListElement\":[{\"@type\":\"ListItem\",\"position\":1,\"name\":\"Home\",\"item\":\"https:\/\/madd.org\/tennessee\/\"},{\"@type\":\"ListItem\",\"position\":2,\"name\":\"MADD Victim Impact Panel (VIP) Information for Tennessee\"}]},{\"@type\":\"WebSite\",\"@id\":\"https:\/\/madd.org\/tennessee\/#website\",\"url\":\"https:\/\/madd.org\/tennessee\/\",\"name\":\"Affiliate Tennessee\",\"description\":\"Affiliate Tennesseer MADD site\",\"publisher\":{\"@id\":\"https:\/\/madd.org\/tennessee\/#organization\"},\"potentialAction\":[{\"@type\":\"SearchAction\",\"target\":{\"@type\":\"EntryPoint\",\"urlTemplate\":\"https:\/\/madd.org\/tennessee\/?s={search_term_string}\"},\"query-input\":{\"@type\":\"PropertyValueSpecification\",\"valueRequired\":true,\"valueName\":\"search_term_string\"}}],\"inLanguage\":\"en-US\"},{\"@type\":\"Organization\",\"@id\":\"https:\/\/madd.org\/tennessee\/#organization\",\"name\":\"Affiliate Tennessee\",\"url\":\"https:\/\/madd.org\/tennessee\/\",\"logo\":{\"@type\":\"ImageObject\",\"inLanguage\":\"en-US\",\"@id\":\"https:\/\/madd.org\/tennessee\/#\/schema\/logo\/image\/\",\"url\":\"https:\/\/madd.org\/tennessee\/wp-content\/uploads\/sites\/66\/2025\/11\/MADD_Tennessee_LogoLockup_White_Red-175w.png\",\"contentUrl\":\"https:\/\/madd.org\/tennessee\/wp-content\/uploads\/sites\/66\/2025\/11\/MADD_Tennessee_LogoLockup_White_Red-175w.png\",\"width\":175,\"height\":91,\"caption\":\"Affiliate Tennessee\"},\"image\":{\"@id\":\"https:\/\/madd.org\/tennessee\/#\/schema\/logo\/image\/\"}}]}<\/script>\n<!-- \/ Yoast SEO plugin. -->","yoast_head_json":{"title":"MADD Victim Impact Panel (VIP) Information for Tennessee - Affiliate Tennessee","robots":{"index":"index","follow":"follow","max-snippet":"max-snippet:-1","max-image-preview":"max-image-preview:large","max-video-preview":"max-video-preview:-1"},"canonical":"https:\/\/madd.org\/tennessee\/madd-victim-impact-panel-vip-information-for-tennessee\/","og_locale":"en_US","og_type":"article","og_title":"MADD Victim Impact Panel (VIP) Information for Tennessee - Affiliate Tennessee","og_description":"Who should attend MADD Victim Impact Panel (VIP) Classes?&nbsp; Offenders who have been ordered by the court to attend a VIP class.&nbsp; (Offenders are those who have been arrested, charged,&hellip; Continue reading MADD Victim Impact Panel (VIP) Information for Tennessee","og_url":"https:\/\/madd.org\/tennessee\/madd-victim-impact-panel-vip-information-for-tennessee\/","og_site_name":"Affiliate Tennessee","article_modified_time":"2024-05-10T02:06:45+00:00","twitter_card":"summary_large_image","twitter_misc":{"Est. reading time":"2 minutes"},"schema":{"@context":"https:\/\/schema.org","@graph":[{"@type":"WebPage","@id":"https:\/\/madd.org\/tennessee\/madd-victim-impact-panel-vip-information-for-tennessee\/","url":"https:\/\/madd.org\/tennessee\/madd-victim-impact-panel-vip-information-for-tennessee\/","name":"MADD Victim Impact Panel (VIP) Information for Tennessee - Affiliate Tennessee","isPartOf":{"@id":"https:\/\/madd.org\/tennessee\/#website"},"datePublished":"2022-07-05T06:39:13+00:00","dateModified":"2024-05-10T02:06:45+00:00","breadcrumb":{"@id":"https:\/\/madd.org\/tennessee\/madd-victim-impact-panel-vip-information-for-tennessee\/#breadcrumb"},"inLanguage":"en-US","potentialAction":[{"@type":"ReadAction","target":["https:\/\/madd.org\/tennessee\/madd-victim-impact-panel-vip-information-for-tennessee\/"]}]},{"@type":"BreadcrumbList","@id":"https:\/\/madd.org\/tennessee\/madd-victim-impact-panel-vip-information-for-tennessee\/#breadcrumb","itemListElement":[{"@type":"ListItem","position":1,"name":"Home","item":"https:\/\/madd.org\/tennessee\/"},{"@type":"ListItem","position":2,"name":"MADD Victim Impact Panel (VIP) Information for Tennessee"}]},{"@type":"WebSite","@id":"https:\/\/madd.org\/tennessee\/#website","url":"https:\/\/madd.org\/tennessee\/","name":"Affiliate Tennessee","description":"Affiliate Tennesseer MADD site","publisher":{"@id":"https:\/\/madd.org\/tennessee\/#organization"},"potentialAction":[{"@type":"SearchAction","target":{"@type":"EntryPoint","urlTemplate":"https:\/\/madd.org\/tennessee\/?s={search_term_string}"},"query-input":{"@type":"PropertyValueSpecification","valueRequired":true,"valueName":"search_term_string"}}],"inLanguage":"en-US"},{"@type":"Organization","@id":"https:\/\/madd.org\/tennessee\/#organization","name":"Affiliate Tennessee","url":"https:\/\/madd.org\/tennessee\/","logo":{"@type":"ImageObject","inLanguage":"en-US","@id":"https:\/\/madd.org\/tennessee\/#\/schema\/logo\/image\/","url":"https:\/\/madd.org\/tennessee\/wp-content\/uploads\/sites\/66\/2025\/11\/MADD_Tennessee_LogoLockup_White_Red-175w.png","contentUrl":"https:\/\/madd.org\/tennessee\/wp-content\/uploads\/sites\/66\/2025\/11\/MADD_Tennessee_LogoLockup_White_Red-175w.png","width":175,"height":91,"caption":"Affiliate Tennessee"},"image":{"@id":"https:\/\/madd.org\/tennessee\/#\/schema\/logo\/image\/"}}]}},"_links":{"self":[{"href":"https:\/\/madd.org\/tennessee\/wp-json\/wp\/v2\/pages\/10412","targetHints":{"allow":["GET"]}}],"collection":[{"href":"https:\/\/madd.org\/tennessee\/wp-json\/wp\/v2\/pages"}],"about":[{"href":"https:\/\/madd.org\/tennessee\/wp-json\/wp\/v2\/types\/page"}],"author":[{"embeddable":true,"href":"https:\/\/madd.org\/tennessee\/wp-json\/wp\/v2\/users\/1"}],"replies":[{"embeddable":true,"href":"https:\/\/madd.org\/tennessee\/wp-json\/wp\/v2\/comments?post=10412"}],"version-history":[{"count":0,"href":"https:\/\/madd.org\/tennessee\/wp-json\/wp\/v2\/pages\/10412\/revisions"}],"wp:attachment":[{"href":"https:\/\/madd.org\/tennessee\/wp-json\/wp\/v2\/media?parent=10412"}],"curies":[{"name":"wp","href":"https:\/\/api.w.org\/{rel}","templated":true}]}}